{"id":11305,"date":"2020-05-14T14:23:33","date_gmt":"2020-05-14T12:23:33","guid":{"rendered":"https:\/\/www.sammelmarken.de\/?post_type=product&#038;p=11305"},"modified":"2023-10-28T15:35:09","modified_gmt":"2023-10-28T13:35:09","slug":"bundesrepublik-deutschland-michel-nr-371-wohlfahrt-maerchen-der-brueder-grimm-iii-gestempelt","status":"publish","type":"product","link":"https:\/\/www.sammelmarken.de\/?product=bundesrepublik-deutschland-michel-nr-371-wohlfahrt-maerchen-der-brueder-grimm-iii-gestempelt","title":{"rendered":"Bundesrepublik Deutschland: Michel-Nr. 371, Wohlfahrt: M\u00e4rchen der Br\u00fcder Grimm (III), gestempelt"},"content":{"rendered":"<p>Bundesrepublik Deutschland: Michel-Nr. 371, Wohlfahrt: M\u00e4rchen der Br\u00fcder Grimm (III), gestempelt<\/p>\n","protected":false},"excerpt":{"rendered":"<p>Bundesrepublik Deutschland: Michel-Nr. 371, Wohlfahrt: M\u00e4rchen der Br\u00fcder Grimm (III), gestempelt<\/p>\n","protected":false},"featured_media":11296,"template":"","meta":[],"product_brand":[],"product_cat":[272],"product_tag":[],"class_list":{"0":"post-11305","1":"product","2":"type-product","3":"status-publish","4":"has-post-thumbnail","6":"product_cat-272","8":"first","9":"instock","10":"sold-individually","11":"shipping-taxable","12":"purchasable","13":"product-type-variable"},"jetpack_sharing_enabled":true,"_links":{"self":[{"href":"https:\/\/www.sammelmarken.de\/index.php?rest_route=\/wp\/v2\/product\/11305","targetHints":{"allow":["GET"]}}],"collection":[{"href":"https:\/\/www.sammelmarken.de\/index.php?rest_route=\/wp\/v2\/product"}],"about":[{"href":"https:\/\/www.sammelmarken.de\/index.php?rest_route=\/wp\/v2\/types\/product"}],"wp:featuredmedia":[{"embeddable":true,"href":"https:\/\/www.sammelmarken.de\/index.php?rest_route=\/wp\/v2\/media\/11296"}],"wp:attachment":[{"href":"https:\/\/www.sammelmarken.de\/index.php?rest_route=%2Fwp%2Fv2%2Fmedia&parent=11305"}],"wp:term":[{"taxonomy":"product_brand","embeddable":true,"href":"https:\/\/www.sammelmarken.de\/index.php?rest_route=%2Fwp%2Fv2%2Fproduct_brand&post=11305"},{"taxonomy":"product_cat","embeddable":true,"href":"https:\/\/www.sammelmarken.de\/index.php?rest_route=%2Fwp%2Fv2%2Fproduct_cat&post=11305"},{"taxonomy":"product_tag","embeddable":true,"href":"https:\/\/www.sammelmarken.de\/index.php?rest_route=%2Fwp%2Fv2%2Fproduct_tag&post=11305"}],"curies":[{"name":"wp","href":"https:\/\/api.w.org\/{rel}","templated":true}]}}