{"id":12292,"date":"2021-04-04T23:39:17","date_gmt":"2021-04-04T21:39:17","guid":{"rendered":"https:\/\/www.sammelmarken.de\/?post_type=product&#038;p=12292"},"modified":"2023-10-28T15:33:33","modified_gmt":"2023-10-28T13:33:33","slug":"bundesrepublik-deutschland-michel-nr-386-wohlfahrt-maerchen-der-brueder-grimm-iv-105-pf-gestempelt","status":"publish","type":"product","link":"https:\/\/www.sammelmarken.de\/?product=bundesrepublik-deutschland-michel-nr-386-wohlfahrt-maerchen-der-brueder-grimm-iv-105-pf-gestempelt","title":{"rendered":"Bundesrepublik Deutschland: Michel-Nr. 386, Wohlfahrt: M\u00e4rchen der Br\u00fcder Grimm (IV), 10+5 Pf, gestempelt"},"content":{"rendered":"<p>Bundesrepublik Deutschland: Michel-Nr. 386, Wohlfahrt: M\u00e4rchen der Br\u00fcder Grimm (IV), 10+5 Pf, gestempelt<\/p>\n","protected":false},"excerpt":{"rendered":"<p>Bundesrepublik Deutschland: Michel-Nr. 386, Wohlfahrt: M\u00e4rchen der Br\u00fcder Grimm (IV), 10+5 Pf, gestempelt<\/p>\n","protected":false},"featured_media":12281,"template":"","meta":[],"product_brand":[],"product_cat":[272],"product_tag":[],"class_list":{"0":"post-12292","1":"product","2":"type-product","3":"status-publish","4":"has-post-thumbnail","6":"product_cat-272","8":"first","9":"instock","10":"sold-individually","11":"shipping-taxable","12":"purchasable","13":"product-type-variable"},"jetpack_sharing_enabled":true,"_links":{"self":[{"href":"https:\/\/www.sammelmarken.de\/index.php?rest_route=\/wp\/v2\/product\/12292","targetHints":{"allow":["GET"]}}],"collection":[{"href":"https:\/\/www.sammelmarken.de\/index.php?rest_route=\/wp\/v2\/product"}],"about":[{"href":"https:\/\/www.sammelmarken.de\/index.php?rest_route=\/wp\/v2\/types\/product"}],"wp:featuredmedia":[{"embeddable":true,"href":"https:\/\/www.sammelmarken.de\/index.php?rest_route=\/wp\/v2\/media\/12281"}],"wp:attachment":[{"href":"https:\/\/www.sammelmarken.de\/index.php?rest_route=%2Fwp%2Fv2%2Fmedia&parent=12292"}],"wp:term":[{"taxonomy":"product_brand","embeddable":true,"href":"https:\/\/www.sammelmarken.de\/index.php?rest_route=%2Fwp%2Fv2%2Fproduct_brand&post=12292"},{"taxonomy":"product_cat","embeddable":true,"href":"https:\/\/www.sammelmarken.de\/index.php?rest_route=%2Fwp%2Fv2%2Fproduct_cat&post=12292"},{"taxonomy":"product_tag","embeddable":true,"href":"https:\/\/www.sammelmarken.de\/index.php?rest_route=%2Fwp%2Fv2%2Fproduct_tag&post=12292"}],"curies":[{"name":"wp","href":"https:\/\/api.w.org\/{rel}","templated":true}]}}