{"id":20534,"date":"2023-11-25T15:32:32","date_gmt":"2023-11-25T14:32:32","guid":{"rendered":"https:\/\/www.sammelmarken.de\/?post_type=product&#038;p=20534"},"modified":"2023-11-25T15:35:28","modified_gmt":"2023-11-25T14:35:28","slug":"ddr-sondermarkenheftchen-21-b-postaemter-1985-postfrisch","status":"publish","type":"product","link":"https:\/\/www.sammelmarken.de\/?product=ddr-sondermarkenheftchen-21-b-postaemter-1985-postfrisch","title":{"rendered":"DDR: Sondermarkenheftchen 21 b, Post\u00e4mter, 1985, postfrisch"},"content":{"rendered":"<p><span style=\"color: #00429a;\"><span style=\"color: #000000;\"><span style=\"font-family: Verdana;\">Sondermarkenheftchen 21 b, Post\u00e4mter, 1985, postfrisch, 1,- Mark<\/span><\/span><\/span><\/p>\n<p><span style=\"color: #00429a;\"><span style=\"color: #000000;\"><span style=\"font-family: Verdana;\">Druckvermerk: DV auf Seite 3 \/ a V-5-2<br \/>\n<\/span><\/span><\/span><span style=\"color: #00429a;\"><span style=\"color: #000000;\"><span style=\"font-family: Verdana;\">Deckelqualit\u00e4t: P Papier<br \/>\n1. \/ 4. Deckelseite: mehrfarbig<br \/>\nReklame: 2. Deckelseite &#8222;Wir sichern die Nachrichtenbef\u00f6rderung&#8230;&#8220;<\/span><\/span><\/span><\/p>\n<p><span style=\"color: #00429a;\"><span style=\"color: #000000;\"><span style=\"font-family: Verdana;\">enth\u00e4lt: 10x 2924 &#8211; 10 (Pf) &#8211; mehrfarbig &#8211; (doh) Historsiche Briefk\u00e4sten; Erster amtlich eingef\u00fchrter Holz-Briefkasten (bis ca. 1850)<\/span><\/span> <\/span><\/p>\n","protected":false},"excerpt":{"rendered":"<p>Sondermarkenheftchen 21 b, Post\u00e4mter, 1985, postfrisch, 1,- Mark Druckvermerk: DV auf Seite 3 \/ a V-5-2 Deckelqualit\u00e4t: P Papier 1. \/ 4. Deckelseite: mehrfarbig Reklame: 2. Deckelseite &#8222;Wir sichern die Nachrichtenbef\u00f6rderung&#8230;&#8220; enth\u00e4lt: 10x 2924 &#8211; 10 (Pf) &#8211; mehrfarbig &#8211; (doh) Historsiche Briefk\u00e4sten; Erster amtlich eingef\u00fchrter Holz-Briefkasten (bis ca. 1850)<\/p>\n","protected":false},"featured_media":20524,"template":"","meta":[],"product_brand":[],"product_cat":[364],"product_tag":[],"class_list":{"0":"post-20534","1":"product","2":"type-product","3":"status-publish","4":"has-post-thumbnail","6":"product_cat-364","8":"first","9":"instock","10":"sold-individually","11":"shipping-taxable","12":"purchasable","13":"product-type-simple"},"jetpack_sharing_enabled":true,"_links":{"self":[{"href":"https:\/\/www.sammelmarken.de\/index.php?rest_route=\/wp\/v2\/product\/20534","targetHints":{"allow":["GET"]}}],"collection":[{"href":"https:\/\/www.sammelmarken.de\/index.php?rest_route=\/wp\/v2\/product"}],"about":[{"href":"https:\/\/www.sammelmarken.de\/index.php?rest_route=\/wp\/v2\/types\/product"}],"wp:featuredmedia":[{"embeddable":true,"href":"https:\/\/www.sammelmarken.de\/index.php?rest_route=\/wp\/v2\/media\/20524"}],"wp:attachment":[{"href":"https:\/\/www.sammelmarken.de\/index.php?rest_route=%2Fwp%2Fv2%2Fmedia&parent=20534"}],"wp:term":[{"taxonomy":"product_brand","embeddable":true,"href":"https:\/\/www.sammelmarken.de\/index.php?rest_route=%2Fwp%2Fv2%2Fproduct_brand&post=20534"},{"taxonomy":"product_cat","embeddable":true,"href":"https:\/\/www.sammelmarken.de\/index.php?rest_route=%2Fwp%2Fv2%2Fproduct_cat&post=20534"},{"taxonomy":"product_tag","embeddable":true,"href":"https:\/\/www.sammelmarken.de\/index.php?rest_route=%2Fwp%2Fv2%2Fproduct_tag&post=20534"}],"curies":[{"name":"wp","href":"https:\/\/api.w.org\/{rel}","templated":true}]}}